 highest common factor of g and 125?
25
Let j = 73 + -35. Let o be 5 - (-5)/((-20)/12). Suppose 0 = 4*r - o*r - 38. What is the greatest common factor of j and r?
19
Let s = 2897 + -2881. Let w be (-3 - 87)/(-5)*1*2. What is the greatest common factor of s and w?
4
Let f be (99/(-6))/((496/(-96))/31). What is the greatest common divisor of f and 594?
99
Suppose -4*s - 72 = -x, 2*x + 72 = 3*x + 2*s. Let c(i) = -10*i + 426. Let w be c(39). Calculate the highest common divisor of w and x.
36
Let g(a) = -a**3 + 9*a**2 + 10*a + 3. Let w = 59 + -49. Let m be g(w). Suppose 0 = -u + m, -u + 0*u - 4 = -d. Calculate the greatest common factor of 7 and d.
7
Let h(f) = 9*f**2 - 125*f + 32. Let n be h(16). What is the greatest common factor of n and 1050?
42
Let u = -78 - -168. Let h be (28/10 - (-8)/40) + u. Suppose -3*i + i - 3*t = -49, 3*i = 2*t + h. Calculate the greatest common factor of 29 and i.
29
Suppose -2*z - 4*v - 11 = -29, 3*v = 4*z - 25. Let n be (z/(-2))/(-6 + (-913)/(-154)). What is the highest common factor of n and 196?
49
Let k be 4*278/(-5 - (5 - 6)). Let a = 499 + k. What is the greatest common divisor of a and 51?
17
Suppose -2*z - 23 = -s, 0 = -z + s + 33 - 46. Let i(b) = -b**3 - 10*b**2 + 37. Let h be i(z). What is the greatest common factor of h and 629?
37
Let p be 485 - (1 - 3)*-1. Let s be ((-20)/(-5))/(27/468) - (-5)/(-15). What is the highest common factor of p and s?
69
Let w = -2101 - -2123. Calculate the highest common factor of w and 704.
22
Let g be (-72)/(-324) + 32/18 + 354. Suppose -s = -3*o - g, 1469 = -3*s + 7*s - 3*o. What is the greatest common divisor of 7 and s?
7
Let u(q) = q**2 - 17*q + 3. Let w be u(17). Suppose w*f + 4*j - 487 = 0, -3*j - j + 4 = 0. Let o = f + -96. What is the greatest common factor of o and 26?
13
Let i(g) = -71*g**2 + 2*g + 1. Let v be i(-1). Let l = v + 52. Let a be (24/15)/((-8)/l - 0). What is the greatest common factor of a and 4?
4
Suppose -39*f = -30*f - 4752. What is the highest common divisor of 912 and f?
48
Suppose 3*c - 6 = 0, -4*k + 306 = -c - 0*c. Let m(v) = v**3 - 187*v**2 + 908*v + 375. Let j be m(182). What is the highest common factor of k and j?
11
Let w = 23 + 97. Suppose 0 = 7*n - 153 - 183. Calculate the greatest common factor of w and n.
24
Let j = -11342 - -11702. What is the greatest common factor of 495 and j?
45
Suppose -72329 = -15*w + 11611. Calculate the greatest common divisor of w and 4.
4
Let r be 3 - (-4 - -1)/((-1)/(-14)). Suppose r = -v - 45. Let g = 128 + v. What is the highest common factor of g and 95?
19
Let u(m) = -26 + 39 - 171 + 12*m + 4*m. Let f be u(10). What is the highest common factor of f and 2?
2
Let d be 27*(-88)/(-16) - (-2 + -1)/(-6). Calculate the highest common divisor of d and 74.
74
Let n = -7023 + 7038. What is the highest common factor of 7305 and n?
15
Suppose -5*i = -5*d - 4 - 311, -d = -5*i + 295. Suppose 0 = i*q - 55*q - 306. Calculate the highest common divisor of 408 and q.
102
Let z(a) = a**3 + 16*a**2 - 13*a + 73. Let b be z(-17). Suppose b*n - 4*x = 147, 45 = 4*n - 2*x - 69. What is the greatest common factor of 297 and n?
27
Let t = 14015 + -13970. What is the greatest common divisor of 2865 and t?
15
Let g = 25985 - 12001. Calculate the highest common divisor of 76 and g.
76
Suppose 144 = 18*y - 90. Suppose -16*d = -y*d - 5*t - 43, 2*d = -t + 46. What is the highest common divisor of 21 and d?
21
Suppose 7*w = -105*w + 125216. Calculate the greatest common factor of w and 26.
26
Let t = 141 + 103. What is the highest common divisor of 4 and t?
4
Let j be 148/16 - 2/8. Suppose -j*b + 13*b = 0. Suppose 7*y - 5*y - 76 = b. What is the highest common divisor of 38 and y?
38
Let a = 17503 + -16823. Calculate the highest common factor of 48 and a.
8
Let h = -2 - -7. Let w be (5 - (-1199)/3) + (-2)/3. Let g = 429 - w. Calculate the greatest common divisor of h and g.
5
Let o = -862 + 872. What is the highest common factor of 955 and o?
5
Suppose 0 = 62*f - 57*f - 12540. Calculate the highest common factor of 57 and f.
57
Let s = 300 + -208. Suppose 18*q = 2*q + 496. Suppose -q*d + 3726 = -4*d. Calculate the highest common divisor of s and d.
46
Let z = 9132 + -9054. What is the greatest common factor of z and 5148?
78
Let v(k) = -k**3 + 59*k**2 - 344*k + 100. Let s be v(52). What is the highest common divisor of 210 and s?
30
Suppose 7*t + 1175 = 28*t + 104. Calculate the highest common factor of 204 and t.
51
Let n = 2895 + -2482. Calculate the greatest common divisor of n and 472.
59
Suppose m - 24*k - 2355 = -21*k, -8*k - 7064 = -3*m. Calculate the greatest common factor of 1200 and m.
48
Let c(k) = k**3 + 33*k**2 + 66*k + 2202. Let x be c(-33). Let u be (-13)/(-2*1/16). Let n = 296 - u. What is the greatest common divisor of n and x?
24
Let l(w) = 12*w - 12 - 190*w**3 + 63*w**3 + 67*w**3 - 2*w**2 + 59*w**3. Let n be l(-5). Calculate the greatest common divisor of 27 and n.
3
Let t(n) = -3*n**3 - 38*n**2 - 28*n - 15. Let m = 362 - 374. Let l be t(m). Let d be -2 + 3/(3/5). Calculate the greatest common factor of d and l.
3
Suppose -40 = -5*i + 10. Let n = -354 + 399. Suppose 383 = -n*o + 1733. What is the greatest common factor of o and i?
10
Let s(u) = -4*u + 14. Let k be s(4). Let q be -1*(27 + -3)*k. Suppose -25 = -8*g + 359. What is the greatest common divisor of q and g?
48
Suppose -5*p = -899 - 116. Let c = p + -176. What is the greatest common divisor of c and 351?
27
Suppose -3*i + 14 + 31 = 0. Suppose 0 = 10*u - i*u + 2005. Suppose 12*p - u = 235. Calculate the greatest common factor of p and 106.
53
Suppose -6*u + 1259 = 209. Let k(t) = t**3 - 12*t**2 + 26*t - 25. Let c be k(11). Calculate the greatest common factor of u and c.
35
Suppose 102*l - 209 = 103*l. Let c = l - -212. Calculate the highest common divisor of c and 36.
3
Suppose 5*s - 852 = 11*s. Let v = 74 - s. Calculate the highest common factor of v and 8.
8
Suppose -5*a - 5*p + 7*p + 4 = 0, -2*a = 2*p - 10. Let n(j) = 2 - 93*j**a + 117*j**2 - 5*j + j. Let h be n(1). Calculate the highest common divisor of h and 22.
22
Suppose 2*i + 14 + 0 = -5*x, 3*x + 14 = -4*i. Let v be (0 + i)/(418/(-138) + 3). What is the greatest common factor of 621 and v?
69
Let l = 6953 + -6901. What is the highest common factor of l and 7852?
52
Let u = 7471 + -7421. Let t be (-5)/2*(-4 - -2). Let l = t + 5. Calculate the greatest common divisor of l and u.
10
Let w = 738 + -35. Suppose -3*p + 8*p - 878 = -2*c, 0 = 4*p + c - w. What is the greatest common factor of 22 and p?
22
Suppose -10*a + 33 = 3. Suppose 4*i = -a*z + 145, -2*i - 259 = -z - 4*z. What is the highest common divisor of z and 85?
17
Let h(z) = 2*z**2 + 7*z + 6. Let j be (-21)/28 - ((-10)/(-8) - 1). Let n be (-8)/((2 - 4)*j). Let w be h(n). Calculate the greatest common factor of 40 and w.
10
Suppose -4*o + 3*x + 158 = 0, -x - 621 = 5*o - 828. Calculate the highest common factor of 35957 and o.
41
Suppose 8*l + 18 + 158 = 0. Let m = 15 + l. Let x = m + 16. What is the greatest common divisor of 9 and x?
9
Let h = -55 + 63. Calculate the highest common factor of 280 and h.
8
Suppose -9*b = -5*i - 4*b + 195, -4*i + 5*b = -160. Calculate the greatest common factor of 13230 and i.
35
Let q be 258/24 - (-2)/8. Let y(p) = -p**3 + 17*p**2 + 19*p + 15. Let u = -10 + 28. Let v be y(u). Calculate the greatest common divisor of q and v.
11
Suppose -173 - 14 = -j. Suppose 5*a = -4*k - 6508, 2*k = 6*a - a + 6496. Let r be a/(-76) - ((-24)/(-57))/4. Calculate the greatest common factor of j and r.
17
Suppose 155 = 4*f - 3*l, -2*l = -3*f + 3*l + 119. Let k = 128016 - 127902. What is the greatest common factor of k and f?
38
Let k = 957 + -885. Calculate the highest common factor of k and 972.
36
Suppose 5*n + 2*q = 2594, -9*q + 75 - 12 = 0. What is the highest common divisor of n and 6321?
129
Suppose 0 = -51*p + 193 + 62. Let y be (-3)/12 + (-9)/(-4). What is the greatest common factor of p and y?
1
Let j be 5 - ((-1 - -3) + -4). Suppose -13 = -2*o + j. Calculate the greatest common divisor of 85 and o.
5
Suppose -877*b + 2*j = -875*b - 76, 0 = 4*b + 2*j - 116. Let l = -4 + 6. Let r be 0 + l - (-3 - 251). What is the highest common factor of b and r?
32
Suppose -x = -q + 203, -3*q - 3*x + 38 = -565. What is the greatest co